-91 - -95) - (-1 + 21).
-28
What is (-6 + 7 - 10) + -6 + 3 + 15?
3
Evaluate 35 + 1 - (27 + (8 - 26)).
27
Calculate 18 - -1 - (-6 - (4 - 7)).
22
What is the value of 3 + (-4 + 3 - 7) + 4?
-1
Evaluate -8 + 14 + (-27 - -6) + 2 + 0.
-13
Calculate -6 - ((0 - (13 + 5)) + 5).
7
Evaluate (-10 - (4 + 3 + -14)) + -1 + -6.
-10
Calculate (6 - 10) + 2 + -16 - -5.
-13
What is (0 - 10) + 212 + -220?
-18
What is -3 + 4 + (-4 - (4 - (4 + 2)))?
-1
Calculate (242 - 239) + -1 + -1.
1
What is the value of 8 + -16 - (69 + -58)?
-19
What is (-2 - (9 - 20)) + -19?
-10
What is 17 - ((-1 - (25 - 13)) + 2)?
28
Calculate -1 + (-14 - (-13 - -2)) - 16.
-20
Evaluate -2 + (2 - -10) + -4.
6
1 + -15 + 66 + 2 + -69
-15
What is (9 - 1) + -12 + 1?
-3
What is the value of -3 + -4 - (24 - 42)?
11
What is (4 - 0) + 2 + -2 + (-1 - 1)?
2
What is 21 + (-19 - -9 - -7)?
18
-3 - ((-11 - -5) + -1 - -8)
-4
(25 - (1 - -17)) + -9 + 0
-2
What is 14 - (-13 - (-3 + -8))?
16
Calculate 84 + -98 + -2 + 18.
2
What is (-39 - (0 - (7 - -10))) + -8?
-30
Evaluate 16 - 32 - -7 - -7 - (-16 - -1).
13
What is 17 - ((10 - (-10 - -37)) + 13)?
21
Evaluate (-34 - (-29 - -15)) + 10.
-10
Evaluate (20 - 3) + (38 - 42).
13
Evaluate 455 + -453 + (0 - 4).
-2
What is the value of (4 - 3 - (2 - -8 - 5)) + 2?
-2
Evaluate -21 - (-24 - (-1 - (-12 + 29))).
-15
0 - -36 - (2044 + -2020)
12
What is 195 + -199 - (-1 + 6) - (-24 - -1)?
14
Evaluate -1 + -7 + 12 + 16 + -21.
-1
What is the value of -4 - (-2 - 17) - 20?
-5
Evaluate -9 - -16 - (21 + 2 + 2 + -8).
-10
Evaluate 8 + -8 + -9 + 6.
-3
Evaluate 21 + -7 + 5 + -10 + -3.
6
(7 - ((20 - -1) + -11) - -24) + -2
19
(0 - -3) + (0 + -2 - (-3 - -7))
-3
What is -1 + 0 + -3 + (-3092 - -3122)?
26
What is 23 + -3 + 1 + (-38 + 49 - 14)?
18
Calculate (-10 - (-1 - -3)) + (92 - 83).
-3
What is the value of -2 + (-7 - (16 - 37))?
12
What is the value of (5 - (-8 + 4) - -6) + -2?
13
Evaluate (-1 - 1) + 3 - (4 - 15 - -22).
-10
What is 13 - (-21 + 9 - -9)?
16
Calculate 34 + (-59 - (-35 + 7)).
3
Evaluate (-19 - -4) + 7 + (0 - -1 - 0).
-7
Evaluate 1 - (-10 + 5 + 23).
-17
What is 4 - -3 - (-64 + 25 + 20)?
26
What is (-11 - (-4 - -5)) + 3 + -3 - -2?
-10
Evaluate 7 + -5 + (12 - (10 + 0)).
4
What is the value of -5 - ((0 - 5) + (8 + 9 - 6))?
-11
What is the value of 395 + -392 + (-2 - 5) + 1?
-3
What is 2 - (7 + 6 + -15) - (2 - -24)?
-22
16 + -72 + 56 + -4 + 2 + -1
-3
Calculate (129 - 118) + (-2 - -1).
10
Evaluate 3 + 1 - (-9 + 13 + -3 - 5).
8
Evaluate 12 - (-25 + 1 + 15).
21
Calculate -5 + 4 + 7 - (4 - 4).
6
-4 - (0 + -3 + -5) - (-3 - -3)
4
-10 + 11 + -4 + -4
-7
-4 - ((-4 - 0) + 1 + -3 + 0)
2
Evaluate -14 - (15 + -10 - -5).
-24
-4 + (-16 + 16 - -61) + -17
40
What is 18 + 3 + -8 + 18 + 4 + -5?
30
Calculate (-4 - -4) + 1 - (23 - 15).
-7
Evaluate (-3 - -7) + (-1 - 2) - 0.
1
What is the value of (3 - 1 - 4) + (131 - 139)?
-10
What is the value of 5 + (-12 + 33 - 46)?
-20
What is 14 - 0 - (-22 - -21)?
15
-5 + 16 + (4 - 11 - (0 - 3))
7
What is the value of -5 + (3 - (-15 + 6)) + (1 - 9)?
-1
Calculate 0 - (-1 - -2) - (-36 + -3 + 22).
16
What is (-27 - -13) + 23 - 6?
3
What is the value of 63 + -57 - (-7 - -1 - -2) - 6?
4
Evaluate (12 - -1 - 2) + (0 - 7) - 6.
-2
5 - (49 + -44) - (-1 - 12 - 1)
14
-6 + (-6 - -3 - 2) + 12 + -3
-2
Calculate -6 + 3 + (-9 - -7) - -6.
1
(-1 - (-2 - 2) - -4) + (-2 - -5)
10
Evaluate 9 + 0 - (-27 - (-8 - 24)).
4
Calculate 28 - 15 - (6 + 1).
6
What is 12 + 0 + (9 + -9 - 7) - -1?
6
-1 + 0 + 3 + (5 + -22 - 4)
-19
What is the value of 0 + 0 + -43 - (-14 - 4 - -6)?
-31
What is (14 + -54 - 6) + 25?
-21
Calculate 41 + -23 + -29 - (-8 - -2).
-5
What is the value of 32 + -34 + 1 + 16?
15
What is the value of 18 - ((-98 - -97) + (-5 - 0)) - 0?
24
Evaluate -8 + -1 + (35 - (57 + -32)).
1
Evaluate 0 + 13 + -2 - (118 + -96).
-11
What is the value of (-17 - 2) + (9 - (3 + -5))?
-8
Evaluate -3 - (7 + 12) - (5 + 6 - 9).
-24
What is (-1 - (-1 + 1)) + -21 + 29 + 12?
19
Evaluate 7 - 7 - (5 - (14 + (-5 - -15))).
19
What is (10 - 7) + 8 + -28?
-17
Evaluate (-8 - (4 - 4)) + (1 - -3).
-4
Evaluate -7 - -11 - (4 - 3).
3
Calculate 17 + (-29 + -2 - -2).
-12
Evaluate 25 + (15 - 8) + 0 - (4 - -3).
25
What is (4 + -7 - (-20 + 7)) + 8 + -1?
17
Evaluate 35 + 6 + -30 + 28.
39
What is -46 + 74 - (4 + -10)?
34
Calculate 1 - (25 - 4) - -13 - -30.
23
4 + (7 - (10 - 7)) - 12
-4
What is the value of 13 + (31 + 1 - 33)?
12
Calculate -11 - (4 + (0 - (8 + 5))).
-2
Evaluate 12 + 2 + (-278 - -258).
-6
What is -13 + (4 - 17 - -22) + 29 + 2?
27
(11 - 2) + (-5 + 5 + -1 - 5)
3
What is the value of (-21 - -1) + (388 - 375)?
-7
What is 41 + -43 - ((-12 - -17) + (-1 - 2))?
-4
Calculate 13 + -30 - (1 + 3).
-21
Calculate ((-2 - 2) + 1 - -30) + 8 + -15.
20
What is (12 - -1 - (406 + -385)) + (-1 - -22)?
13
What is 14 - (-10 - -31) - (-17 - 1)?
11
What is (1 - 8) + (78 - 82)?
-11
Calculate -2 - (15 - -1) - (-20 + 13).
-11
-1 + 13 + -3 + 0 - 4
5
What is the value of -14 - (-49 + 22) - -12?
25
Evaluate -10 + 2 + 7 - (-6 + 3).
2
What is -4 - (0 + 10 + -6 - (1 + 16))?
9
Calculate 4 - 16 - (2 + (1 - -7)).
-22
Calculate (-22 - ((18 - 15) + (2 - 8))) + 1.
-18
Calculate (1 + -4 - 5 - -2) + -4 + 6.
-4
Evaluate (-3 - -5) + 12 + -4.
10
251 + -238 - (32 - -2)
-21
Calculate 2 - 3 - (6 + -16 + 13).
-4
Calculate 7 - (16 - (-16 - -19)).
-6
-15 + -6 + -2 + (-12 - -8) + 19
-8
What is -326 + 320 - (2 + (1 - 17))?
8
Calculate -12 - ((-5 - (0 - 1)) + 4 + -3).
-9
Calculate 8 + (-14 - (-34 + 18) - 30).
-20
What is the value of -2 + (-3 - ((12 - -7 - 8) + -17))?
1
(-2 - -12 - 18) + 4 - (1 - -6)
-11
Calculate 38 + -41 + -3 + -5 + 3 + 6.
-2
What is the value of 31 + (21 + -87 - -19)?
-16
-8 - ((-16 - -7) + 17 - 24 - 1)
9
What is the value of 37 + -8 - 41 - -27?
15
Evaluate (4 - -5) + 393 + -376.
26
45 - (34 + 24 + -36)
23
Evaluate 30 + -31 + 11 + -2.
8
What is 0 - 10 - (-57 - -57)?
-10
Calculate 16 + -40 - (-7 + -3).
-14
4 + -8 + (8 - (10 + -8)) - 18
-16
Evaluate 117 + -100 + -2 + -23.
-8
What is the value of -5 + (-1 - (3 + -8 + (-5 - -11)))?
-7
Calculate -15 - -19 - 13 - -2.
-7
Calculate (-4 - (-4 - -7) - -1) + -3 + 2.
-7
What is the value of 15 + (-6 - (1 + 1))?
7
What is -16 - (-27 - (11 - 20))?
2
What is the value of -26 - (2 + -4) - (14 - 26)?
-12
Evaluate -4 - (5 + -8 + -2 + -5 - -4).
2
(-15 - -21) + -4 - 13
-11
What is the value of -11 + 3 + 18 + -11 - (-8 - -5)?
2
-200 + 196 - (6 - -1)
-11
-8 + 13 - 7 - ((-5 - 2) + 4)
1
(13 - 7) + 2 + -11 + 16
13
1 + 2 + 4 + -5 + -12 - -6
-4
What is -20 + 5 + -9 + 18?
-6
Evaluate 25 + (0 - ((7 - -3) + 0)).
15
Calculate 2 + -12 - -18 - 18.
-10
Calculate (-2 - -11 - 5) + -16.
-12
What is (2 + -9 - -7) + (1 + 2 - 7)?
-4
Evaluate (0 + 8 + -13 - 2) + -1.
-8
Calculate -5 - (-4 + (0 - -9)) - -20.
10
Evaluate (-2 - 11) + 11 + -8 + 3.
-7
Evaluate 6 + 6 + (-4 - -8 - 18).
-2
Calculate -23 + (73 - (42 + -21)).
29
What is the value of 24 - 7 - -4 - 12?
9
What is -340 + 360 - (-1 - -5) - 37?
-21
What is -21 + (2 - -4) + 14?
-1
What is the value of 45 - ((-28 - -100) + -31)?
4
What is -2 - 0 - (5 + -1 - -1)?
-7
Evaluate (171 - 191) + 2 + 30.
12
What is the value of 0 + 3 - 19 - (3 - (50 + -37))?
-6
What is the value of 17 + (-12 - (-1 + -7))?
13
-36 + 15 - (19 + -40)
0
What is 132 + -115 - (7 - -1)?
9
-11 + 33 - 11 - 6
5
(-16 - -10 - (-16 + 0) - 0) + -35
-25
(0 - 7 - -4 - 16) + -37 + 33
-23
What is 9 + (13 + -4 - -7 - 11)?
14
Evaluate 9 - (2 - (-2 - (22 - 9))).
-8
10 + (-16 - (-6 - 2) - 22)
-20
1 + (11 - 26) + 11 - -1
-2
What is the value of -15 + (-13 - (-1 + -27))?
0
-1 - 8 - ((-4 - 1) + (-34 - -29))
1
What is 4 + (0 - (4 - (5 + (2 - 6))))?
1
(9 - (-8 + 7)) + -20
-10
Calculate -8 + -24 - -57 - 56.
-31
Calculate 46 - 46 - (2 + 0 + -6).
4
What is the value of -13 - (2 + -19 + 3)?
1
What is the value of (-36 - (-12 + -66)) + -67?
-25
What is -9 + 22 + (-12 - -5)?
6
-13 + (9 - 33) + 44
7
Evaluate -655 - -683 - (0 - -29).
-1
What is 4 - (0 + 4 + 3 + (11 - 11))?
-3
What is the value of 5 - (-9 + 5 + -3 - -6) - 18?
-12
What is (-7 - ((-3 - -2) + -20 + 2)) + -4?
8
-16 + 13 + (-10 - (-11 + -1))
-1
Evaluate 28 + -20 - (14 + -28).
22
What is -32 + -10 + 22 - -31?
11
What is the value of (2 + -4 - 2) + 13 - 3?
6
Calculate (-19 + (-8 - -17) - -38) + -11.
17
What is 8 + (9 - -2) + (-13 - 5)?
1
Calculate -16 - 8 - -10 - -10.
-4
What is the value o